prime factors of m.
2, 5, 31
Let i = 35 + -33. Let d(v) = 2*v**i - 1 + 4 + 29*v - 22*v. List the prime factors of d(-6).
3, 11
Let c = 25911 + -17688. What are the prime factors of c?
3, 2741
Suppose 11050 = p - m, -5*m - 25 + 5 = 0. List the prime factors of p.
2, 3, 7, 263
Let m = 270 + -266. Suppose i + 3*h - 564 = 0, -i + 370 = -m*h - 159. What are the prime factors of i?
3, 61
Let n(l) = -l**3 - 24*l**2 - 27*l - 55. Let a be n(-23). Suppose 672 = a*s - 29*s. What are the prime factors of s?
2, 3, 7
Let j(n) = 4*n**2 - 70*n - 740. What are the prime factors of j(66)?
2, 13, 29
Let g(i) = 26*i**2 + 108*i - 697. What are the prime factors of g(-42)?
41, 991
Let m(a) = 845*a - 23. Let x be m(1). Suppose -4*w + x = 2*h, -h - w = -0*w - 410. What are the prime factors of h?
409
Let k(b) = -909*b - 192. List the prime factors of k(-9).
3, 2663
List the prime factors of ((-930)/341)/15 + -149066*6/(-44).
20327
Suppose -7*s - 1388 + 5679 = 0. Let i = s - 398. What are the prime factors of i?
5, 43
Let x(h) = -15*h**2 + 6*h - 17. Let g be x(2). Let r = g + 136. What are the prime factors of r?
71
List the prime factors of (13825 + -20 + 23)*1/2.
2, 3457
Suppose -29 = 3*u + 13. Let y(d) = -10*d - 56. Let p be y(u). Let x = p + 40. What are the prime factors of x?
2, 31
Suppose 4*q + 12 = 0, 5*u - 4*u - q - 185 = 0. Suppose f - 5*c = -f + u, 2*c + 497 = 5*f. List the prime factors of f.
101
Let m = 52 - 45. Suppose 6*q = m*q, -4*q + 295 = o. What are the prime factors of o?
5, 59
Let j(g) = 101*g + 8. Let t be j(-2). Let i = -129 - t. What are the prime factors of i?
5, 13
Let c(q) = 399*q - 3241. What are the prime factors of c(75)?
2, 7, 953
Let q(v) = -10 - v**3 - 20*v**2 + 2*v**2 + 9*v**2 - 3*v. Let w be q(-9). Suppose -2*z + 69 = -2*s - w, -111 = -2*z - 3*s. List the prime factors of z.
2, 3
Let w = 196 + -109. Suppose 816 = 91*r - w*r. List the prime factors of r.
2, 3, 17
Suppose 0 = 2*b - 3*b + 2*g + 24299, -5*g + 97274 = 4*b. What are the prime factors of b?
7, 23, 151
Suppose 165*i = 896899 + 48828 + 1646588. What are the prime factors of i?
3, 5237
Let q(d) be the first derivative of -107*d**2/2 + 4*d + 1. Let h be q(-1). Let g = h + -55. List the prime factors of g.
2, 7
Suppose -11*x = -7*x - 8. Let j(n) = 1 - 5*n - 2*n + 2*n + n + 34*n**2. List the prime factors of j(x).
3, 43
What are the prime factors of (28308/16)/((-70)/(-840))?
3, 7, 337
Let w(r) = -1715*r**3 - 9*r**2 + 4*r + 27. What are the prime factors of w(-2)?
71, 193
Let s = -42 - -57. Suppose 10*b + 10 = s*b. Suppose p - 65 = 5*n, b*n + 2 = -2. List the prime factors of p.
5, 11
Let a(t) = -2*t**3 - 2*t**2 + 4*t - 4. Let w be a(-3). Suppose 3356 - 18336 = -w*k. List the prime factors of k.
7, 107
Let f = 1285 - -1736. Suppose -10*j + f + 4489 = 0. List the prime factors of j.
751
Suppose 0*o + 0*o - 18*o = -167094. What are the prime factors of o?
9283
List the prime factors of (-395285)/(-165) + (-1)/(-3).
2, 599
Suppose 2*h + 17783 - 3693 = 12*h. What are the prime factors of h?
1409
Let h(g) = g**3 + 4*g**2 - 4*g + 15. Let a be h(-5). Suppose -a*f + 1188 = -6*f. What are the prime factors of f?
3, 11
Let c(h) = -7 - 4*h**3 - 5*h**2 + 14*h**3 - 5*h**3 + 0*h**3 - 7*h**3 + 3*h. Let p = -12 + 7. What are the prime factors of c(p)?
103
Let h = 246 - 110. Let o = h + 594. What are the prime factors of o?
2, 5, 73
Suppose 5*v - 238239 = -4*g, 47*v = 44*v - 27. List the prime factors of g.
3, 6619
Let m = -22 + 24. Suppose 0 = m*n - 4*n + 3*j + 769, 3*n = -j + 1126. What are the prime factors of n?
13, 29
Let z(s) = 7*s**2 + 3*s - 10. Let t be z(-17). Suppose -493 = -w + 2*c, -4*w = 3*c + 45 - t. Suppose -w - 261 = -8*m. What are the prime factors of m?
3, 31
Let k(z) be the first derivative of -z**3/3 - 8*z**2 + z + 456. Suppose -4*p + 8 = 44. What are the prime factors of k(p)?
2
Suppose 10*w - 12*w - 2 = 0. Let c(m) = -428*m + 1. What are the prime factors of c(w)?
3, 11, 13
Suppose -86*o - 715114 = -1464718 - 1405900. List the prime factors of o.
2, 13, 241
Suppose -2*u + 4 = 0, 0 = -24*c + 27*c - u - 98866. What are the prime factors of c?
2, 7, 11, 107
Let r be (-2030)/(-525) + (2 - 28/15). Suppose 4*b = r*m + 2320, -9*b + 4*m - 2288 = -13*b. What are the prime factors of b?
2, 3
Let h = -1745 + 3205. List the prime factors of (h/(-8))/(-5)*2.
73
Suppose 2219 + 3651 = 5*s. Suppose s = 3*i + 5*g, 1930 = 5*i - 2*g - 3*g. List the prime factors of i.
2, 97
Let r = -5926 - -13303. List the prime factors of r.
3, 2459
Let f = 455 + -245. Let h = f - -17. Suppose -4*v + 5*k = -0*k - h, -25 = -5*k. What are the prime factors of v?
3, 7
Suppose 2*k = 5*a + 9586, 3*k + 2*k + 5*a - 24000 = 0. What are the prime factors of k?
2, 2399
What are the prime factors of (-233673)/(-22)*(110/15 + -2)?
2, 73, 97
Suppose 5*w + 2 - 2 = 0. Let u(t) = t**3 - t**2 + 2*t + 7. Let k be u(w). List the prime factors of (k/((-7)/286))/(10/(-5)).
11, 13
Let n(z) be the first derivative of 2*z**3 + z**2/2 + 4*z + 1. Let j = -6129 - -6124. List the prime factors of n(j).
149
Let y(k) = -42*k. Let f(p) = -42*p + 1. Let b(g) = 5*f(g) - 4*y(g). Let a be b(-1). Let x = 68 + a. What are the prime factors of x?
5, 23
Suppose -16*a + 20*a - 3*o - 45072 = 0, -3*a + o = -33809. List the prime factors of a.
3, 13, 17
Let f(g) = 83*g**2 - g - 46. List the prime factors of f(8).
2, 11, 239
Suppose 5*g - 3676 = -3*o, 3*g = -36*o + 40*o - 4853. List the prime factors of o.
1217
Let p(r) = 2*r + 29. Let w(d) = d + 15. Let y(u) = 6*p(u) - 11*w(u). Let c be y(-4). Suppose c*z - 1177 = -102. List the prime factors of z.
5, 43
Suppose -q = -2*d + 13255 + 19564, -5*q - 82045 = -5*d. List the prime factors of d.
2, 3, 5, 547
Let q = 663 + 631. Let f = -242 + q. What are the prime factors of f?
2, 263
Suppose 15*i - 475727 - 408628 = -241020. What are the prime factors of i?
7, 11, 557
Let f(z) = z**3 + 3*z**2 + 3*z + 6. Let q be 3/(-2) + (15/(-10) - -1). Let d be f(q). Suppose p = d*p - 366. List the prime factors of p.
2, 61
Let h(k) = 5*k + 25. Suppose 61*z - 60*z = 40. Suppose -2*t + 2*q = -3*q - z, 4*q = 0. List the prime factors of h(t).
5
Suppose 2*s + 3*d - 13 = 0, 90*d - 88*d = 2*s + 2. Let p = -1 + 1. Suppose -f + 83 = -p*f + 4*j, 3*f - s*j = 291. What are the prime factors of f?
5, 19
Suppose 5*y - 5 = 40. Let t = -56 - -57. What are the prime factors of t*(236 - y/3)?
233
Let a be (-12)/18 - (-2488)/6. Let n = -75 + 80. Suppose 201 + a = n*g. List the prime factors of g.
3, 41
Suppose 6*y - 9*y + 179853 = 3*x, 4*y + 2*x - 239790 = 0. List the prime factors of y.
2, 59, 127
Let r be 8 + -2 - (18 - 12). Suppose r = 13*m - 460 + 5. What are the prime factors of m?
5, 7
Let x(y) = -1653*y - 209. Let i be x(-17). Suppose -28*q = -9*q - i. List the prime factors of q.
2, 367
Suppose -412 + 9202 = 6*b. Suppose b + 447 = 4*w. List the prime factors of w.
2, 239
Suppose 2*p = 3*g + 321 + 891, g = -4*p + 2410. Suppose 3*h = -5*x - 235 - p, -h - x = 278. What are the prime factors of ((-12)/(-36))/((-1)/h)?
2, 23
Let h be (-25)/(-4 - -9) - -29. Suppose 52*d - 13664 = h*d. List the prime factors of d.
2, 61
Suppose 0 = -3*y + c + 17, -5*y - 4*c + 17 = 0. Suppose 5*b = 20, y*b = q - 3*q + 778. List the prime factors of q.
379
Let p(t) be the first derivative of 66*t**2 + 13*t - 5. What are the prime factors of p(4)?
541
Let d = 86915 + -52212. List the prime factors of d.
34703
Suppose -2*j + 27*a + 14047 = 30*a, 0 = -5*a + 5. What are the prime factors of j?
2, 3511
Let f = -3945 + 10889. What are the prime factors of f?
2, 7, 31
Let j(z) = -z**3 - 12*z**2 - 23*z + 11. Let r be 34 + 5 - (2 - 4). Suppose -10*u - 59 = r. What are the prime factors of j(u)?
41
Suppose 6*t + 50 = 44. Let j = t - -195. What are the prime factors of j?
2, 97
Let r(f) be the third derivative of f**5/60 - f**4/3 + 17*f**3/6 - 15*f**2. Let v be r(7). Suppose 74 = 3*l - v. What are the prime factors of l?
2, 7
Suppose -2 = 8*h - 34. Suppose 8*z = -2*w + 3*z + 2176, 5*w + h*z - 5474 = 0. What are the prime factors of w?
2, 3, 61
Let l = 11 + -7. Suppose 2*b + l = 4. Suppose -6*v + 3*v + 204 = b. What are the prime factors of v?
2, 17
Suppose -4*a = -2*v + 53298, -2*v = -7*v - 5*a + 133170. What are the prime factors of v?
17, 1567
Suppose 105 + 97 =